{"id":22,"date":"2016-06-05T05:49:45","date_gmt":"2016-06-05T02:49:45","guid":{"rendered":"http:\/\/localhost\/www.astraelektronik.com\/?page_id=22"},"modified":"2017-01-21T01:09:13","modified_gmt":"2017-01-20T22:09:13","slug":"hakkimizda","status":"publish","type":"page","link":"https:\/\/www.astraelektronik.com\/index.php\/hakkimizda\/","title":{"rendered":"Hakk\u0131m\u0131zda"},"content":{"rendered":"<p><img loading=\"lazy\" decoding=\"async\" class=\"wp-image-182 size-full alignleft\" src=\"https:\/\/www.astraelektronik.com\/wp-content\/uploads\/2016\/06\/yirmibesyil.png\" width=\"208\" height=\"93\" \/>1991 y\u0131l\u0131nda Karak\u00f6y, Menev\u015fe Han\u2019daki yerimizde kurulduk. 1998 y\u0131l\u0131nda artan m\u00fc\u015fteri talepleri do\u011frultusunda Anadolu yakas\u0131 ofis ve Anadolu yakas\u0131 depomuzu faaliyete ge\u00e7irdik. 2014 y\u0131l\u0131ndan bu yana ma\u011faza ve depolar\u0131m\u0131z\u0131 ayn\u0131 yerde toplad\u0131\u011f\u0131m\u0131z Tuzla merkez binam\u0131zda faaliyetimizi s\u00fcrd\u00fcr\u00fcyoruz.<\/p>\n<p>25. y\u0131l\u0131m\u0131zda bizi en \u00e7ok gururland\u0131ran konu; bug\u00fcne kadar hep s\u00f6z\u00fcm\u00fcz\u00fc tutmu\u015f olmak ve ticaretin d\u00fcr\u00fcstl\u00fckten \u00f6d\u00fcn verilmeden de yap\u0131labilece\u011fini kan\u0131tlam\u0131\u015f olmakt\u0131r.<\/p>\n<p>25 y\u0131ld\u0131r d\u00fczenli olarak Uzakdo\u011fu ve Avrupa fuarlar\u0131n\u0131 ziyaret ederek teknolojiyi yak\u0131ndan takip edip aya\u011f\u0131n\u0131za getiriyoruz.<\/p>\n<p>D\u00fczenli olarak yapt\u0131\u011f\u0131m\u0131z ithalatla ve reva\u00e7ta olan \u00fcr\u00fcnleri stoklar\u0131m\u0131zda s\u00fcrekli bulundurmam\u0131z sayesinde m\u00fc\u015fterilerimizin stok yapma ihtiyac\u0131n\u0131 ortadan kald\u0131rm\u0131\u015f olmaktay\u0131z.<\/p>\n<p>D\u00fcnyan\u0131n \u00f6nde gelen \u00fcretici firmalar\u0131n\u0131n T\u00fcrkiye temsilciliklerini yapmaktay\u0131z.\u00a01991 y\u0131l\u0131nda ald\u0131\u011f\u0131m\u0131z POWERTIP\u00a0ve\u00a0SUNLED T\u00fcrkiye Temsilcili\u011fi ile optoelektronik konusunda T\u00fcrkiye\u2019de \u00f6nder kurulu\u015flardan\u0131z. 2009\u00a0y\u0131l\u0131ndan bu yana da Beijing ART firmas\u0131n\u0131n T\u00fcrkiye Temsilcisi olarak End\u00fcstriyel Kontrol Kartlar\u0131n\u0131 kaliteli teknik destek ile sizlere sunmaktay\u0131z.<\/p>\n<p>M\u00fchendis ve bilim insan\u0131\u00a0tabanl\u0131 kadromuzla, sekt\u00f6rdeki \u00e7eyrek as\u0131rl\u0131k ge\u00e7mi\u015fimizin verdi\u011fi bilgi ve deneyim sayesinde m\u00fc\u015fterilerimize isabetli \u00fcr\u00fcn tavsiyesi ve kaliteli teknik destek sunmaktay\u0131z.<\/p>\n<p>Genel olarak \u00fcr\u00fcnlerimiz: LED, LED Display, Display s\u00fcr\u00fcc\u00fc entegreleri,\u00a0Karakter ve Grafik tip LCD (Likit\u00a0Kristal Display), OLED, TFT LCD ve s\u00fcr\u00fcc\u00fc devreleri, Dokunmatik Ekranlar ve End\u00fcstriyel Kontrol Kartlar\u0131 \u2018d\u0131r.<\/p>\n<p>&nbsp;<\/p>\n<p><strong>Referanslar\u0131m\u0131zdan baz\u0131lar\u0131:<\/strong> <em>(alfabetik s\u0131ra ile)<\/em><\/p>\n<p><img loading=\"lazy\" decoding=\"async\" class=\"alignnone wp-image-284\" src=\"http:\/\/localhost\/www.astraelektronik.com\/wp-content\/uploads\/2016\/06\/abmlogo-300x150.jpg\" alt=\"abmlogo\" width=\"110\" height=\"55\" srcset=\"https:\/\/www.astraelektronik.com\/wp-content\/uploads\/2016\/06\/abmlogo-300x150.jpg 300w, https:\/\/www.astraelektronik.com\/wp-content\/uploads\/2016\/06\/abmlogo.jpg 400w\" sizes=\"auto, (max-width: 110px) 100vw, 110px\" \/>\u00a0 \u00a0\u00a0<img loading=\"lazy\" decoding=\"async\" class=\"alignnone wp-image-271 \" src=\"https:\/\/www.astraelektronik.com\/wp-content\/uploads\/2016\/06\/alargelogo.png\" width=\"169\" height=\"44\" \/>\u00a0 \u00a0\u00a0<img loading=\"lazy\" decoding=\"async\" class=\"alignnone wp-image-259 \" src=\"https:\/\/www.astraelektronik.com\/wp-content\/uploads\/2016\/06\/arkellogo.png\" width=\"152\" height=\"35\" \/>\u00a0 \u00a0\u00a0<img loading=\"lazy\" decoding=\"async\" class=\"alignnone wp-image-443 \" src=\"https:\/\/www.astraelektronik.com\/wp-content\/uploads\/2016\/06\/atlantislogo.png\" width=\"144\" height=\"41\" \/>\u00a0 \u00a0\u00a0<img loading=\"lazy\" decoding=\"async\" class=\"alignnone wp-image-281 \" src=\"https:\/\/www.astraelektronik.com\/wp-content\/uploads\/2016\/06\/bikomlogo.jpg\" width=\"82\" height=\"42\" \/>\u00a0 \u00a0\u00a0<img loading=\"lazy\" decoding=\"async\" class=\"alignnone wp-image-279\" src=\"http:\/\/localhost\/www.astraelektronik.com\/wp-content\/uploads\/2016\/06\/bshlogo-300x124.jpg\" alt=\"bshlogo\" width=\"104\" height=\"43\" srcset=\"https:\/\/www.astraelektronik.com\/wp-content\/uploads\/2016\/06\/bshlogo-300x124.jpg 300w, https:\/\/www.astraelektronik.com\/wp-content\/uploads\/2016\/06\/bshlogo-768x316.jpg 768w, https:\/\/www.astraelektronik.com\/wp-content\/uploads\/2016\/06\/bshlogo-1024x422.jpg 1024w, https:\/\/www.astraelektronik.com\/wp-content\/uploads\/2016\/06\/bshlogo.jpg 1447w\" sizes=\"auto, (max-width: 104px) 100vw, 104px\" \/>\u00a0 \u00a0\u00a0<img loading=\"lazy\" decoding=\"async\" class=\"alignnone wp-image-258 \" src=\"https:\/\/www.astraelektronik.com\/wp-content\/uploads\/2016\/06\/demalogo.png\" width=\"122\" height=\"55\" \/>\u00a0 \u00a0\u00a0<img loading=\"lazy\" decoding=\"async\" class=\"alignnone wp-image-257 \" src=\"https:\/\/www.astraelektronik.com\/wp-content\/uploads\/2016\/06\/desilogo.png\" width=\"103\" height=\"42\" \/>\u00a0 \u00a0\u00a0<img loading=\"lazy\" decoding=\"async\" class=\"alignnone wp-image-224\" src=\"http:\/\/localhost\/www.astraelektronik.com\/wp-content\/uploads\/2016\/06\/eliarlogo.png\" alt=\"eliarlogo\" width=\"120\" height=\"120\" srcset=\"https:\/\/www.astraelektronik.com\/wp-content\/uploads\/2016\/06\/eliarlogo.png 200w, https:\/\/www.astraelektronik.com\/wp-content\/uploads\/2016\/06\/eliarlogo-150x150.png 150w, https:\/\/www.astraelektronik.com\/wp-content\/uploads\/2016\/06\/eliarlogo-174x174.png 174w\" sizes=\"auto, (max-width: 120px) 100vw, 120px\" \/>\u00a0 \u00a0\u00a0<img loading=\"lazy\" decoding=\"async\" class=\"alignnone wp-image-280 \" src=\"https:\/\/www.astraelektronik.com\/wp-content\/uploads\/2016\/06\/enkologo.jpg\" width=\"80\" height=\"53\" \/>\u00a0 \u00a0\u00a0<img loading=\"lazy\" decoding=\"async\" class=\"alignnone wp-image-269\" src=\"http:\/\/localhost\/www.astraelektronik.com\/wp-content\/uploads\/2016\/06\/ertechlogo-300x71.png\" alt=\"ertechlogo\" width=\"224\" height=\"53\" srcset=\"https:\/\/www.astraelektronik.com\/wp-content\/uploads\/2016\/06\/ertechlogo-300x71.png 300w, https:\/\/www.astraelektronik.com\/wp-content\/uploads\/2016\/06\/ertechlogo.png 317w\" sizes=\"auto, (max-width: 224px) 100vw, 224px\" \/>\u00a0 \u00a0\u00a0<img loading=\"lazy\" decoding=\"async\" class=\"alignnone wp-image-214 \" src=\"https:\/\/www.astraelektronik.com\/wp-content\/uploads\/2016\/06\/esitlogo.jpeg\" width=\"76\" height=\"46\" \/>\u00a0 \u00a0\u00a0<img loading=\"lazy\" decoding=\"async\" class=\"alignnone wp-image-266\" src=\"http:\/\/localhost\/www.astraelektronik.com\/wp-content\/uploads\/2016\/06\/htmsslogo.jpg\" alt=\"htmsslogo\" width=\"240\" height=\"36\" srcset=\"https:\/\/www.astraelektronik.com\/wp-content\/uploads\/2016\/06\/htmsslogo.jpg 400w, https:\/\/www.astraelektronik.com\/wp-content\/uploads\/2016\/06\/htmsslogo-300x45.jpg 300w\" sizes=\"auto, (max-width: 240px) 100vw, 240px\" \/>\u00a0 \u00a0\u00a0<img loading=\"lazy\" decoding=\"async\" class=\"alignnone wp-image-275 \" src=\"https:\/\/www.astraelektronik.com\/wp-content\/uploads\/2016\/06\/itulogo.png\" width=\"114\" height=\"68\" srcset=\"https:\/\/www.astraelektronik.com\/wp-content\/uploads\/2016\/06\/itulogo.png 291w, https:\/\/www.astraelektronik.com\/wp-content\/uploads\/2016\/06\/itulogo-285x173.png 285w\" sizes=\"auto, (max-width: 114px) 100vw, 114px\" \/>\u00a0 \u00a0\u00a0<img loading=\"lazy\" decoding=\"async\" class=\"alignnone wp-image-215\" src=\"http:\/\/localhost\/www.astraelektronik.com\/wp-content\/uploads\/2016\/06\/karellogo-150x150.png\" alt=\"karellogo\" width=\"100\" height=\"100\" srcset=\"https:\/\/www.astraelektronik.com\/wp-content\/uploads\/2016\/06\/karellogo-150x150.png 150w, https:\/\/www.astraelektronik.com\/wp-content\/uploads\/2016\/06\/karellogo-174x174.png 174w, https:\/\/www.astraelektronik.com\/wp-content\/uploads\/2016\/06\/karellogo.png 225w\" sizes=\"auto, (max-width: 100px) 100vw, 100px\" \/>\u00a0 \u00a0\u00a0<img loading=\"lazy\" decoding=\"async\" class=\"alignnone wp-image-222 \" src=\"https:\/\/www.astraelektronik.com\/wp-content\/uploads\/2016\/06\/logo_kunt.jpg\" width=\"90\" height=\"45\" \/>\u00a0 \u00a0\u00a0<img loading=\"lazy\" decoding=\"async\" class=\"alignnone wp-image-264\" src=\"http:\/\/localhost\/www.astraelektronik.com\/wp-content\/uploads\/2016\/06\/tetisanlogo.png\" alt=\"tetisanlogo\" width=\"155\" height=\"33\" srcset=\"https:\/\/www.astraelektronik.com\/wp-content\/uploads\/2016\/06\/tetisanlogo.png 290w, https:\/\/www.astraelektronik.com\/wp-content\/uploads\/2016\/06\/tetisanlogo-285x62.png 285w\" sizes=\"auto, (max-width: 155px) 100vw, 155px\" \/>\u00a0 \u00a0\u00a0<img loading=\"lazy\" decoding=\"async\" class=\"alignnone wp-image-213\" src=\"http:\/\/localhost\/www.astraelektronik.com\/wp-content\/uploads\/2016\/06\/trt_logo-150x150.png\" alt=\"trt_logo\" width=\"100\" height=\"100\" srcset=\"https:\/\/www.astraelektronik.com\/wp-content\/uploads\/2016\/06\/trt_logo-150x150.png 150w, https:\/\/www.astraelektronik.com\/wp-content\/uploads\/2016\/06\/trt_logo-300x300.png 300w, https:\/\/www.astraelektronik.com\/wp-content\/uploads\/2016\/06\/trt_logo-250x250.png 250w, https:\/\/www.astraelektronik.com\/wp-content\/uploads\/2016\/06\/trt_logo-174x174.png 174w, https:\/\/www.astraelektronik.com\/wp-content\/uploads\/2016\/06\/trt_logo.png 330w\" sizes=\"auto, (max-width: 100px) 100vw, 100px\" \/>\u00a0 \u00a0\u00a0<img loading=\"lazy\" decoding=\"async\" class=\"alignnone wp-image-278 \" src=\"https:\/\/www.astraelektronik.com\/wp-content\/uploads\/2016\/06\/tshlogo.jpg\" width=\"101\" height=\"38\" \/>\u00a0 \u00a0\u00a0<img loading=\"lazy\" decoding=\"async\" class=\"alignnone wp-image-283\" src=\"http:\/\/localhost\/www.astraelektronik.com\/wp-content\/uploads\/2016\/06\/tunaylarlogo.png\" alt=\"tunaylarlogo\" width=\"196\" height=\"60\" srcset=\"https:\/\/www.astraelektronik.com\/wp-content\/uploads\/2016\/06\/tunaylarlogo.png 252w, https:\/\/www.astraelektronik.com\/wp-content\/uploads\/2016\/06\/tunaylarlogo-250x77.png 250w\" sizes=\"auto, (max-width: 196px) 100vw, 196px\" \/>\u00a0 \u00a0\u00a0<img loading=\"lazy\" decoding=\"async\" class=\"alignnone wp-image-282\" src=\"http:\/\/localhost\/www.astraelektronik.com\/wp-content\/uploads\/2016\/06\/tubitakmamlogo-264x300.jpg\" alt=\"tubitakmamlogo\" width=\"60\" height=\"68\" srcset=\"https:\/\/www.astraelektronik.com\/wp-content\/uploads\/2016\/06\/tubitakmamlogo-264x300.jpg 264w, https:\/\/www.astraelektronik.com\/wp-content\/uploads\/2016\/06\/tubitakmamlogo.jpg 677w\" sizes=\"auto, (max-width: 60px) 100vw, 60px\" \/>\u00a0 \u00a0\u00a0<img loading=\"lazy\" decoding=\"async\" class=\"alignnone wp-image-262\" src=\"http:\/\/localhost\/www.astraelektronik.com\/wp-content\/uploads\/2016\/06\/ulpateklogo.jpg\" alt=\"ulpateklogo\" width=\"65\" height=\"65\" srcset=\"https:\/\/www.astraelektronik.com\/wp-content\/uploads\/2016\/06\/ulpateklogo.jpg 500w, https:\/\/www.astraelektronik.com\/wp-content\/uploads\/2016\/06\/ulpateklogo-150x150.jpg 150w, https:\/\/www.astraelektronik.com\/wp-content\/uploads\/2016\/06\/ulpateklogo-300x300.jpg 300w, https:\/\/www.astraelektronik.com\/wp-content\/uploads\/2016\/06\/ulpateklogo-250x250.jpg 250w, https:\/\/www.astraelektronik.com\/wp-content\/uploads\/2016\/06\/ulpateklogo-174x174.jpg 174w\" sizes=\"auto, (max-width: 65px) 100vw, 65px\" \/>\u00a0 \u00a0\u00a0<img loading=\"lazy\" decoding=\"async\" class=\"alignnone wp-image-273\" src=\"http:\/\/localhost\/www.astraelektronik.com\/wp-content\/uploads\/2016\/06\/yildirimlogo-300x64.png\" alt=\"yildirimlogo\" width=\"202\" height=\"43\" srcset=\"https:\/\/www.astraelektronik.com\/wp-content\/uploads\/2016\/06\/yildirimlogo-300x64.png 300w, https:\/\/www.astraelektronik.com\/wp-content\/uploads\/2016\/06\/yildirimlogo.png 332w\" sizes=\"auto, (max-width: 202px) 100vw, 202px\" \/>\u00a0 \u00a0 \u00a0 \u00a0<img loading=\"lazy\" decoding=\"async\" class=\"alignnone wp-image-217\" src=\"http:\/\/localhost\/www.astraelektronik.com\/wp-content\/uploads\/2016\/06\/ytulogo-150x150.jpg\" alt=\"ytulogo\" width=\"70\" height=\"70\" srcset=\"https:\/\/www.astraelektronik.com\/wp-content\/uploads\/2016\/06\/ytulogo-150x150.jpg 150w, https:\/\/www.astraelektronik.com\/wp-content\/uploads\/2016\/06\/ytulogo-300x300.jpg 300w, https:\/\/www.astraelektronik.com\/wp-content\/uploads\/2016\/06\/ytulogo-768x768.jpg 768w, https:\/\/www.astraelektronik.com\/wp-content\/uploads\/2016\/06\/ytulogo-250x250.jpg 250w, https:\/\/www.astraelektronik.com\/wp-content\/uploads\/2016\/06\/ytulogo-174x174.jpg 174w, https:\/\/www.astraelektronik.com\/wp-content\/uploads\/2016\/06\/ytulogo.jpg 1000w\" sizes=\"auto, (max-width: 70px) 100vw, 70px\" \/><\/p>\n","protected":false},"excerpt":{"rendered":"<p>1991 y\u0131l\u0131nda Karak\u00f6y, Menev\u015fe Han\u2019daki yerimizde kurulduk. 1998 y\u0131l\u0131nda artan m\u00fc\u015fteri talepleri do\u011frultusunda Anadolu yakas\u0131 ofis ve Anadolu yakas\u0131 depomuzu faaliyete ge\u00e7irdik. 2014 y\u0131l\u0131ndan bu yana ma\u011faza ve depolar\u0131m\u0131z\u0131 ayn\u0131 yerde toplad\u0131\u011f\u0131m\u0131z Tuzla merkez binam\u0131zda faaliyetimizi s\u00fcrd\u00fcr\u00fcyoruz. 25. y\u0131l\u0131m\u0131zda bizi en \u00e7ok gururland\u0131ran konu; bug\u00fcne kadar hep s\u00f6z\u00fcm\u00fcz\u00fc tutmu\u015f olmak ve ticaretin d\u00fcr\u00fcstl\u00fckten \u00f6d\u00fcn verilmeden<a href=\"https:\/\/www.astraelektronik.com\/index.php\/hakkimizda\/\">[&#8230;]<\/a><\/p>\n","protected":false},"author":1,"featured_media":0,"parent":0,"menu_order":0,"comment_status":"closed","ping_status":"closed","template":"","meta":{"footnotes":""},"class_list":["post-22","page","type-page","status-publish","hentry"],"_links":{"self":[{"href":"https:\/\/www.astraelektronik.com\/index.php\/wp-json\/wp\/v2\/pages\/22","targetHints":{"allow":["GET"]}}],"collection":[{"href":"https:\/\/www.astraelektronik.com\/index.php\/wp-json\/wp\/v2\/pages"}],"about":[{"href":"https:\/\/www.astraelektronik.com\/index.php\/wp-json\/wp\/v2\/types\/page"}],"author":[{"embeddable":true,"href":"https:\/\/www.astraelektronik.com\/index.php\/wp-json\/wp\/v2\/users\/1"}],"replies":[{"embeddable":true,"href":"https:\/\/www.astraelektronik.com\/index.php\/wp-json\/wp\/v2\/comments?post=22"}],"version-history":[{"count":54,"href":"https:\/\/www.astraelektronik.com\/index.php\/wp-json\/wp\/v2\/pages\/22\/revisions"}],"predecessor-version":[{"id":473,"href":"https:\/\/www.astraelektronik.com\/index.php\/wp-json\/wp\/v2\/pages\/22\/revisions\/473"}],"wp:attachment":[{"href":"https:\/\/www.astraelektronik.com\/index.php\/wp-json\/wp\/v2\/media?parent=22"}],"curies":[{"name":"wp","href":"https:\/\/api.w.org\/{rel}","templated":true}]}}